et n = 2 + 11. Let i(u) = -u**3 + 9*u**2 - u. Let y be i(7). Calculate the highest common factor of n and y.
13
Suppose -5*r = -r. Suppose u = -4*u - 5*v + 90, r = -5*u + 5*v + 60. Calculate the greatest common factor of u and 5.
5
Suppose 0 = -2*i - s + 31, -s + 3*s + 82 = 4*i. What is the greatest common factor of 2 and i?
2
Suppose -11 = -n - 0*k - k, -2*k - 68 = -4*n. Suppose -g = 4*h + 6, 2*g + 3*h = 5*g - 27. What is the highest common divisor of n and g?
3
Suppose -2 = -5*f + 8. Suppose -35 = -y - 13. Calculate the highest common factor of f and y.
2
Suppose 0 = 3*a - 2*a - 14. Let r be a/(1 + (1 - 3)). Let u = 21 + r. Calculate the greatest common divisor of 35 and u.
7
Suppose -44 = -4*n - 0. Let l(a) = 10*a**2 + 1. Let w be l(1). What is the greatest common divisor of n and w?
11
Let j(t) = -t**2 + 9*t - 6. Let c be 1 - -2 - (2 + -3). Let v be j(c). Let h(l) = -4*l - 6. Let a be h(-5). Calculate the greatest common factor of a and v.
14
Suppose 11*p - 170 = -6*p. Let f = -225 + 335. Calculate the highest common factor of f and p.
10
Let u be 246/(0 - 0 - -2). Suppose i + 3*i - 5*h = u, -98 = -3*i - 2*h. Let r be (-2)/5*(2 + -12). Calculate the highest common factor of i and r.
4
Suppose -3*j = -x + 16, 4*j + 58 = 5*x - 0*j. Let l(z) = 70*z**3 + z - 1. Let k be l(1). What is the greatest common factor of k and x?
10
Suppose -4*y - g = 68, -g = -2*y - 9 - 25. Let t = y - -35. Calculate the highest common factor of t and 54.
18
Suppose -75 = -2*f - 19. What is the greatest common factor of 7 and f?
7
Let o = -222 + 358. Calculate the highest common divisor of 34 and o.
34
Let m be (6/(-8))/((-27)/72). Suppose 3*a = -3*y + 36, -m*a = 3*y + y - 42. What is the greatest common factor of y and 1?
1
Suppose 0 = -5*r, 2*c - 16 + 0 = r. Suppose 0 = -3*v + v + c. Calculate the highest common factor of v and 44.
4
Suppose -169 = -4*g + 87. Suppose 2*r - g = -2*r. Calculate the greatest common factor of 128 and r.
16
Suppose -298 = 4*o - 54. Suppose -2*z = 2*z, -5*b - 680 = -4*z. Let p = o - b. What is the highest common divisor of 30 and p?
15
Suppose 2*f - 44 = -5*s - 0*f, 22 = 4*s - 5*f. Suppose -30 = -2*i + 3*p, -32 = -4*i - 4*p + s. What is the highest common factor of i and 132?
12
Suppose 5*j - j = -3*p + 51, 0 = 3*p + 2*j - 45. What is the highest common divisor of p and 65?
13
Let y(i) = -i**3 + 6*i**2 + 8*i + 8. Let f be y(7). Calculate the highest common factor of 15 and f.
15
Suppose -8*c + 170 = -7*c. What is the greatest common divisor of c and 17?
17
Let r = 310 - 214. What is the greatest common divisor of r and 24?
24
Let q(m) = 40*m + 2 - 39*m + 0. Let j be q(6). Calculate the greatest common divisor of 8 and j.
8
Let d = 50 + -17. Calculate the highest common divisor of 11 and d.
11
Suppose -2*p - 2*d = -36, -6*p + 3*d + 72 = -2*p. Calculate the greatest common divisor of 54 and p.
18
Suppose -5*y + 15 = -10*y. Let m be (-1 + 1)/y + 126. Calculate the greatest common divisor of m and 18.
18
Suppose 2*n - n + 3*a = 29, 4*n - 3*a = 101. What is the greatest common divisor of n and 26?
26
Let i = -4 + 4. Suppose i = 4*q - 15 - 165. Let b be (-88)/(-5) - (-6)/15. Calculate the greatest common divisor of q and b.
9
Let q be -4*1*57/(-12). Calculate the highest common divisor of 19 and q.
19
Let n be ((-20)/3)/(1/(-6)). Let d(z) = z**3 + z**2 + z. Let w be d(-1). Let a be 4/(w + (-15)/(-12)). Calculate the greatest common divisor of a and n.
8
Suppose 0 = 2*z + b - 16, 3*z + 2*b + 1 = 25. What is the highest common divisor of z and 56?
8
Suppose 11*p - 18 = 2*p. Calculate the greatest common divisor of p and 10.
2
Let g = 6 - -24. Let x(r) be the first derivative of -r**2/2 + 15*r - 1. Let o be x(0). Calculate the greatest common divisor of g and o.
15
Suppose 0 = 4*h - 16*h + 480. Calculate the highest common factor of 60 and h.
20
Suppose -2*x + 5 = 1, -3*x = p - 13. Suppose 2*m - p*m + 4*w + 6 = 0, -m - 2 = -4*w. Let i = m + 5. Calculate the greatest common divisor of 56 and i.
7
Suppose 4*z - 108 = -4*i, 4*i = -0*z - 3*z + 80. What is the highest common divisor of z and 21?
7
Suppose b + 5*c + 28 = 0, 78 = -5*b + b - 3*c. Let y = b + 98. Calculate the greatest common divisor of 16 and y.
16
Let k be (108 - 0) + (4 - 2). Calculate the greatest common divisor of 44 and k.
22
Let c = -68 - -35. Let o be (-522)/c + 2/11. Calculate the highest common factor of o and 80.
16
Suppose 5*x = -5, -52 = -v + x - 5*x. Let l be (-3)/((-3)/(-8)) + 3. Let t = l + 12. Calculate the greatest common factor of v and t.
7
Let i = 10 - 6. Let x(k) = -2*k - 8. Let p be x(-6). Calculate the greatest common divisor of p and i.
4
Suppose -5*w = 3 - 13. Suppose 9 = w*v + 5. Calculate the greatest common divisor of 4 and v.
2
Let m(g) = g**3 - 5*g**2 + 1. Let u(w) = -w**2 - 5*w + 8. Let h be u(-6). Suppose 15 = h*j + j. Let d be m(j). What is the highest common factor of d and 7?
1
Suppose 0 = -2*u - 4*l - 12, 0*u - 3*l = 2*u + 10. Let q be (0 + u)/((-4)/10). Suppose -14 = -3*w - q. What is the highest common divisor of w and 6?
3
Suppose 3*t + 36 = 3*q, 6*q - 2*t = 3*q + 35. Let a = q - 7. Let y = a + -2. What is the greatest common divisor of 2 and y?
2
Let s(k) = -k**3 - k**2 + k - 2. Let b be s(-4). Let y be ((-6)/5)/(4/(-10)). Let n = y - -3. Calculate the greatest common divisor of n and b.
6
Suppose -3*g = -14 + 2. Suppose -14 - 26 = -g*t. Calculate the highest common divisor of t and 90.
10
Let i(q) = q**3 + 10*q**2 + q + 11. Let z = 4 + -2. Suppose -10 = 2*a, -3*o = -z*o + 3*a + 25. Let s be i(o). Calculate the greatest common factor of 2 and s.
1
Suppose -30 = -4*q - 2. Suppose -3*m = -q*m + 308. What is the greatest common divisor of 11 and m?
11
Let q be (-1)/((-6)/8)*15. Calculate the greatest common divisor of q and 10.
10
Let s(q) = q**2 + 7*q - 5. Let a = -19 - -11. Let i be s(a). Suppose 0*x = i*g - x - 298, -5 = 5*x. What is the greatest common factor of 11 and g?
11
Let o be (-16688)/(-1400) + 4/50. Let h = 17 + -29. Let b be ((-2)/(-3))/((-2)/h). Calculate the greatest common divisor of b and o.
4
Suppose -4*v + 39 = -3*v. Let r be 52*((-3)/(-6))/1. What is the greatest common divisor of r and v?
13
Let b be (14/(-6))/((-1)/12). Suppose n + 4*n = 3*m + 572, 2*m = -2*n + 216. What is the highest common factor of n and b?
28
Suppose 0 = 4*h - 2*f + 10, 2 = -2*h + 3*f + 3. Let l = h - -3. Let k be 2/(l/(-22)*4). What is the greatest common factor of k and 11?
11
Let x = 2 + 1. Let y = -6 - x. Let n = 17 + y. Calculate the highest common divisor of n and 1.
1
Let a(x) = x**3 - 8*x**2 + 7*x + 4. Let c be a(7). Let g be -12*(3 - 0 - c). What is the highest common divisor of g and 36?
12
Let j be (-194)/(-10) + 9/15. Suppose 4*v - j = -0. Suppose 2*t - 5 - v = 0. Calculate the greatest common divisor of t and 35.
5
Let i be ((-9)/(-6) + -2)*8. Let a be 15/i*(-32)/3. What is the highest common factor of 8 and a?
8
Let w(d) = d**3 + 5*d**2 + 3*d + 5. Let m be w(-4). Suppose 4*p = -5*r + 263, 0 = 5*p - r - 508 + 143. Calculate the highest common factor of m and p.
9
Let z = 6 - 10. Let f be ((-10)/z)/((-2)/(-12)). Suppose 64 = -3*r + 289. What is the highest common divisor of r and f?
15
Suppose 100 = 2*s - 0*s. Let t be (-14)/(-35) + (-373)/(-5). What is the highest common divisor of t and s?
25
Let k be 196 - (-8)/(-12)*-6. Calculate the highest common factor of 80 and k.
40
Suppose -4*o = l + 14, o = -5*l + 3*o + 18. Suppose -2*r = l*r - 312. What is the greatest common divisor of r and 26?
26
Suppose 2*x - 70 = -3*x. Calculate the highest common factor of x and 21.
7
Suppose 2*r - 205 + 17 = 0. Suppose r = q + c, q + c - 100 = 3*c. Suppose -2*a + 23 = b, 0*b = 2*a - 2*b - 26. What is the greatest common factor of q and a?
12
Let o be (3 - (-18 - -2))/1. What is the greatest common divisor of 171 and o?
19
Let x(q) = q**3 + 11*q**2 + q + 14. Let y be x(-11). Let g be ((-8)/y)/(4/(-6)). Calculate the highest common divisor of g and 40.
4
Let i = -51 + 73. Calculate the highest common divisor of i and 242.
22
Suppose -5*s - 4*l - 10 = 0, s = 3*s - 3*l - 19. Let q be -1 - (s - (21 - -2)). What is the highest common divisor of 100 and q?
20
Let g be 0/1 + 10*21/14. What is the highest common factor of 30 and g?
15
Suppose -2*f - f = 5*g - 130,